he ten thousands digit of 627113948?
1
What is the ten thousands digit of 31275213?
7
What is the ten millions digit of 3427645743?
2
What is the ten thousands digit of 6083710894?
1
What is the tens digit of 111026472?
7
What is the billions digit of 1020280936?
1
What is the hundred thousands digit of 248781601?
7
What is the tens digit of 327808730?
3
What is the hundred thousands digit of 15637679?
6
What is the ten millions digit of 51414463?
5
What is the hundred millions digit of 105639419?
1
What is the hundred thousands digit of 3324725021?
7
What is the ten millions digit of 202756777?
0
What is the hundred thousands digit of 41418470?
4
What is the units digit of 424939397?
7
What is the tens digit of 384466624?
2
What is the thousands digit of 38813187?
3
What is the tens digit of 33269275?
7
What is the tens digit of 188070716?
1
What is the millions digit of 172151847?
2
What is the hundred millions digit of 4006279179?
0
What is the hundreds digit of 132686967?
9
What is the hundreds digit of 76934770?
7
What is the hundred thousands digit of 2336345781?
3
What is the ten millions digit of 380467656?
8
What is the units digit of 17401858?
8
What is the millions digit of 1646364249?
6
What is the units digit of 269358823?
3
What is the tens digit of 1989866917?
1
What is the millions digit of 15986729?
5
What is the ten thousands digit of 53231875?
3
What is the millions digit of 959383849?
9
What is the tens digit of 1600913832?
3
What is the ten thousands digit of 8445626948?
2
What is the millions digit of 895408934?
5
What is the units digit of 19778458?
8
What is the ten millions digit of 269400852?
6
What is the hundred millions digit of 122363385?
1
What is the hundred thousands digit of 3293693001?
6
What is the millions digit of 3086859?
3
What is the thousands digit of 727053315?
3
What is the units digit of 31727288?
8
What is the ten thousands digit of 89705076?
0
What is the thousands digit of 55148915?
8
What is the tens digit of 1243766394?
9
What is the tens digit of 10112413?
1
What is the tens digit of 58412771?
7
What is the ten thousands digit of 99853348?
5
What is the thousands digit of 144533355?
3
What is the units digit of 51440266?
6
What is the thousands digit of 2047241672?
1
What is the tens digit of 3806825083?
8
What is the tens digit of 420643842?
4
What is the ten millions digit of 4801603836?
0
What is the units digit of 255188118?
8
What is the millions digit of 145389824?
5
What is the ten millions digit of 870707258?
7
What is the hundred thousands digit of 2754880517?
8
What is the thousands digit of 299383376?
3
What is the hundreds digit of 2213638757?
7
What is the ten thousands digit of 57471370?
7
What is the ten millions digit of 872095941?
7
What is the ten millions digit of 111762461?
1
What is the hundred thousands digit of 294036910?
0
What is the units digit of 2818699895?
5
What is the units digit of 5895895965?
5
What is the hundred thousands digit of 456682274?
6
What is the millions digit of 122014467?
2
What is the units digit of 353195706?
6
What is the ten thousands digit of 215784619?
8
What is the ten millions digit of 1670940575?
7
What is the ten thousands digit of 80560155?
6
What is the ten thousands digit of 192965115?
6
What is the units digit of 1716984819?
9
What is the hundred millions digit of 346363968?
3
What is the hundreds digit of 646328995?
9
What is the hundreds digit of 5664584623?
6
What is the hundred thousands digit of 158551724?
5
What is the hundred thousands digit of 121050006?
0
What is the thousands digit of 159360621?
0
What is the tens digit of 1196038924?
2
What is the ten millions digit of 93865414?
9
What is the units digit of 382921770?
0
What is the thousands digit of 140439648?
9
What is the thousands digit of 1417490052?
0
What is the units digit of 507715?
5
What is the ten thousands digit of 8315055?
1
What is the units digit of 356386?
6
What is the tens digit of 313450501?
0
What is the millions digit of 288348071?
8
What is the hundred thousands digit of 81281864?
2
What is the hundred thousands digit of 1929974?
9
What is the ten thousands digit of 584716889?
1
What is the tens digit of 177735420?
2
What is the tens digit of 13016191?
9
What is the hundreds digit of 2803542702?
7
What is the millions digit of 474212384?
4
What is the tens digit of 36706712?
1
What is the hundreds digit of 350220111?
1
What is the hundred millions digit of 434842718?
4
What is the units digit of 51638015?
5
What is the millions digit of 28819343?
8
What is the thousands digit of 46849197?
9
What is the ten millions digit of 718281517?
1
What is the tens digit of 2857274642?
4
What is the hundred thousands digit of 47467702?
4
What is the millions digit of 140803945?
0
What is the hundred thousands digit of 620450262?
4
What is the ten thousands digit of 96378259?
7
What is the ten thousands digit of 165847314?
4
What is the millions digit of 654122722?
4
What is the ten thousands digit of 999446953?
4
What is the units digit of 1991518562?
2
What is the hundred thousands digit of 17341394?
3
What is the thousands digit of 157130553?
0
What is the hundred millions digit of 314506472?
3
What is the hundred millions digit of 244987728?
2
What is the thousands digit of 5109820193?
0
What is the hundred thousands digit of 50610581?
6
What is the units digit of 197832336?
6
What is the millions digit of 14700304?
4
What is the millions digit of 112475531?
2
What is the ten thousands digit of 284690175?
9
What is the millions digit of 57987596?
7
What is the hundred thousands digit of 533782940?
7
What is the units digit of 9498603?
3
What is the millions digit of 251228684?
1
What is the ten thousands digit of 34918630?
1
What is the ten thousands digit of 798261204?
6
What is the hundred thousands digit of 64675069?
6
What is the tens digit of 5059691925?
2
What is the thousands digit of 3892785003?
5
What is the tens digit of 582198028?
2
What is the thousands digit of 672255510?
5
What is the tens digit of 803103574?
7
What is the thousands digit of 1596439071?
9
What is the hundred millions digit of 402219658?
4
What is the units digit of 78349746?
6
What is the thousands digit of 632463889?
3
What is the tens digit of 94626309?
0
What is the ten millions digit of 1181921833?
8
What is the hundred millions digit of 121182486?
1
What is the units digit of 47383496?
6
What is the units digit of 2039055317?
7
What is the ten thousands digit of 342613091?
1
What is the ten millions digit of 663205045?
6
What is the hundred thousands digit of 516261674?
2
What is the units digit of 78881646?
6
What is the millions digit of 1148044808?
8
What is the thousands digit of 761610052?
0
What is the hundreds digit of 29656618?
6
What is the hundreds digit of 92852344?
3
What is the hundred thousands digit of 22292334?
2
What is the ten millions digit of 16841787?
1
What is the thousands digit of 87975714?
5
What is the ten millions digit of 163161164?
6
What is the hundreds digit of 106673479?
4
What is the hundreds digit of 6703290944?
9
What is the thousands digit of 793644584?
4
What is the hundreds digit of 3412796494?
4
What is the hundred thousands digit of 85522905?
5
What is the hundred thousands digit of 276158581?
1
What is the tens digit of 64711535?
3
What is the thousands digit of 1070961546?
1
What is the tens digit of 286643616?
1
What is the ten millions digit of 86058682?
8
What is the millions digit of 424939890?
4
What is the thousands digit of 41085601?
5
What is the units digit of 8223714600?
0
What is the units digit of 1264458588?
8
What is the ten thousands digit of 6152650432?
5
What is the ten millions digit of 235089880?
3
What is the hundred millions digit of 293658946?
2
What is the tens digit of 6716072920?
2
What is the hundred millions digit of 615996719?
6
What is the thousands digit of 1735694829?
4
What is the hundreds digit of 2299307281?
2
What is the hundred millions digit of 249610294?
2
What is the ten millions digit of 880505614?
8
What is the ten thousands digit of 1861726102?
2
What is the hundred millions digit of 174504747?
1
What is the tens digit of 18263994?
9
What is the ten millions digit of 126324724?
2
What i